e first derivative of -7*p**3/3 - p**2/2 - 6*p + 3. Let d(b) = -7*c(b) + 3*o(b). What is the units digit of d(2)?
5
Let c = 366 - 120. What is the hundreds digit of c?
2
Suppose 4*x - 198 = x. Let b = 111 - x. What is the units digit of b?
5
Suppose -3*b + 17 = 5*j - 18, -b + 2*j = -8. What is the units digit of b?
0
Let r(v) = 10 + v**2 - 20 + 2 - 4*v. Let k = -4 - -11. What is the units digit of r(k)?
3
Suppose 3*q - 4 = -2*q - 2*i, 3*i + 17 = 4*q. Suppose q = -4*f + 18. Suppose 0*p - 5*v + 15 = 3*p, f*p + 4*v - 20 = 0. What is the units digit of p?
5
Suppose 5*h = c + 2*c - 15, 0 = -h - 2*c - 16. Let i = h - -18. What is the tens digit of i?
1
Let p(b) = b + 9. Let c be (1 + (2 - 1))*-2. Let j = c + 4. What is the units digit of p(j)?
9
Let p(l) = 6*l**2 - 3*l + 1. Let g be p(2). Suppose -3*b - b + 52 = -4*u, 5*u + 43 = 3*b. Let j = g - b. What is the units digit of j?
8
Let x be (-9)/(-12) - 3/4. Suppose x = -2*n + 33 + 83. What is the tens digit of n?
5
Let o = -4 - -7. Suppose 0*p - o = p. What is the units digit of (1 - p) + (-3 - -3)?
4
Suppose 390 = 2*o - 5*b, -o + 3*b - 70 = -267. What is the tens digit of o?
8
Suppose -19 = 4*k + 17. Let b = k - -15. What is the units digit of b?
6
Suppose 0 = -3*d + 2*d + 28. What is the units digit of d?
8
Let w(t) = 7*t - 14. What is the tens digit of w(5)?
2
Suppose -4 = -4*m + 36. Let b be (-123)/(-15) - 2/m. What is the units digit of (18/b)/(9/24)?
6
Let q(w) = 3*w - 4. What is the units digit of q(4)?
8
Suppose 900 = 7*d - 626. What is the units digit of d?
8
Let a be 1 - (-2 + -6)/2. Suppose 2*w = a*w + 3, -3*v = -5*w - 20. What is the units digit of v?
5
Suppose 0 = b + 38 - 14. Let d = b - -41. What is the tens digit of d?
1
Suppose -5*h + 5*u - 1 = -2*h, -4*u = -5*h - 6. Let o be (-1)/h + (-129)/(-6). Suppose -4*x + 2 = o, -g + 3*x + 20 = 0. What is the units digit of g?
5
What is the tens digit of 122/2 - (-3 + 1)?
6
Let l(k) = k + 15. Let x be l(-11). Let v be x/((6/(-3))/2). Let n = v - -12. What is the units digit of n?
8
Suppose -25 = -6*o + o. Suppose -5*y + o*m + 85 = 0, y + 0*m - 2*m - 17 = 0. What is the tens digit of y?
1
Suppose -168 = -3*i + 150. What is the units digit of i?
6
Let o(v) be the second derivative of v**5/20 - v**4/2 + 4*v**3/3 - 3*v**2 + 2*v. What is the units digit of o(5)?
9
Let s(f) = -f - 7*f + 5*f + f**2 - 4. What is the tens digit of s(6)?
1
Suppose 3*s - 4*n - 76 - 29 = 0, -5*s + 2*n = -189. What is the units digit of s?
9
Suppose 0*m = -m + 1, 3*f = m + 2. What is the units digit of f?
1
Suppose 120 = 4*o - 4*z, 2*o + z - 77 = -26. What is the tens digit of o?
2
Let k(u) = u**2 + 2*u + 1. Let y = -34 - -24. Let f be (-1)/(15/(-6))*y. What is the units digit of k(f)?
9
What is the units digit of 7/1 - 2/(-2)?
8
Let m(u) = -5 + u + 0*u**2 - u**2 + 3 + 4*u. What is the units digit of m(3)?
4
Let u be (-6 - -7) + 1*-1. Let i = u + -8. What is the tens digit of 7 + i - 14*-1?
1
Suppose -245 = -16*t + 459. What is the units digit of t?
4
Suppose 5*a - 1193 = 392. What is the hundreds digit of a?
3
Suppose n = -3*n + 108. What is the units digit of n?
7
What is the hundreds digit of 81/(-2)*-3 - (-3)/6?
1
What is the hundreds digit of (-3)/(-2)*((2 - 2) + 142)?
2
Let l(s) = s**2 - 2*s + 3. Let q be l(2). Let k(t) = t**2 - t - 1. What is the units digit of k(q)?
5
Let j = 219 + -176. What is the tens digit of j?
4
Let g(d) = 2*d**2 - d - 1. Let p be ((-6)/(-4) - 1)*14. Let b(a) = a - 5. Let m be b(p). What is the units digit of g(m)?
5
Let m be (-1)/3 - 60/9. Let u = m - -14. What is the units digit of u?
7
Suppose -d - 6 = -4*d. Suppose -v = -3*v + d. Suppose -4*m + 9 - v = 0. What is the units digit of m?
2
Suppose -l = -3*l + 6. Let g be l/15 - (-38)/10. Let d = g - -2. What is the units digit of d?
6
Let d = 5 + -5. Suppose w + 5 = d, 3*w = 5*l + w + 130. Let s = 39 + l. What is the units digit of s?
1
Suppose 5*g + 2 - 287 = 0. Suppose 0 = 5*h - 3*t - g, 0*h + 25 = h - 4*t. What is the units digit of h?
9
Let t(h) = -h**3 + 6*h**2 - h. Let y = 8 + -3. What is the units digit of t(y)?
0
Suppose 4*c + h - 86 = 0, -1 = -h + 1. What is the units digit of c?
1
Let w(h) = 3*h**2 - h + 5. Let l be w(4). Suppose -2*p + l = 1. What is the tens digit of p?
2
Suppose -183 = -6*x + 27. What is the units digit of x?
5
Let r(u) = u + 9*u**3 + 2*u**3 + 0*u**3. Suppose -9*l - 2 = -11. What is the units digit of r(l)?
2
Suppose 2*k - 4*w = -2*w + 8, k - 2*w - 8 = 0. Let x = 2 - k. What is the units digit of x?
2
What is the tens digit of -3 + 4*8 + -2?
2
Let r = -83 + 303. Suppose 5*v = r - 70. What is the units digit of v?
0
Let r(d) = d**2 + 4*d - 13. Let z(y) = -y - 1. Let o(h) = r(h) - 2*z(h). What is the units digit of o(-8)?
5
Suppose 0 = -5*j - 2*a + 1609, 921 = 4*j + 4*a - 371. What is the tens digit of j?
2
Suppose -6 = -v - 4*l + 5, -l = 2*v + 6. Let h = 9 + v. What is the units digit of h?
4
Suppose -8*d = -3*d + 5*b - 5, 1 = 4*d + b. Suppose -2*m = -3 - 1. Suppose 4*v - 22 - m = d. What is the units digit of v?
6
Let p = -2 - 3. Let u(m) = -4*m + 2. Let t be u(p). Suppose -3*w - t = -5*w. What is the units digit of w?
1
Suppose d + 5 = 37. What is the units digit of d?
2
Suppose -10 = 2*m, 4*t + 2*m + 57 = -3*m. Let l be 3/4 - 10/t. Suppose -l*k + 4*k = 30. What is the units digit of k?
5
Let n(p) = -58*p - 24. What is the tens digit of n(-4)?
0
Let i = -5 - -9. Suppose 0 = -i*r + 72 + 52. What is the units digit of r?
1
Let g = -37 + 73. What is the tens digit of g?
3
Let q(n) = 12*n**2 - 2*n + 1. Let z(h) = -h**3 + 7*h**2 + 8*h + 1. Let x be z(8). Let o be q(x). Suppose -2*b - o = -3*b. What is the tens digit of b?
1
Let i(n) = 9*n**3 - n + 1. Suppose 1 + 3 = 4*c. What is the units digit of i(c)?
9
Let d(a) = -2*a**2 + 41*a - 13. What is the hundreds digit of d(17)?
1
Let f(i) = -i**2 - 6*i - 5. Let m be f(-6). What is the units digit of (-105)/(-14)*(-6)/m?
9
Suppose -2*f - k - 2*k + 72 = 0, 0 = -5*f - 3*k + 189. What is the units digit of f?
9
Let p = 63 - 23. What is the units digit of p?
0
Suppose 90 = 6*n + 24. What is the tens digit of n?
1
Let i(w) = w**2 + 8*w + 5. Let k be (-636)/72 - (-1)/(-6). What is the tens digit of i(k)?
1
Let q = 95 - 50. What is the units digit of q?
5
Suppose 5 + 41 = 2*p. Let q = -10 + p. What is the units digit of q?
3
What is the hundreds digit of (-29)/29 + 2*53?
1
Let p be (-1 + (-12)/(-9))*3. Let t = 0 + p. What is the units digit of t?
1
Let b be ((-5)/(-2))/((-2)/(-4)). Let x(z) = -4*z**3 - z + 1. Let j be x(-2). Suppose -a + 13 = -3*q + q, 4*q + j = b*a. What is the units digit of a?
3
Let u be ((-154)/33)/(2/3). Let a = 39 + u. What is the tens digit of a?
3
What is the tens digit of -3 - 69*-1 - 4?
6
Let a be -1 - -2 - (2 - 3). What is the units digit of a/6 - (-462)/18?
6
Let m = 1 + 4. Let q = -5 + 2. Let d = m + q. What is the units digit of d?
2
Let p = 108 - 75. What is the units digit of p?
3
Let k = 19 + -15. Suppose 0 = k*j - 3*j - 27. What is the units digit of j?
7
Let z(j) = 2*j**3 + 4*j**2 - 2*j + 1. Let x(n) = n**3 + n**2. Let d(w) = x(w) - z(w). What is the units digit of d(-4)?
7
Let m(j) = -15*j**3 - 3*j**2 - j - 1. Let s be m(-2). Suppose 3*p + 10 = s. What is the tens digit of p?
3
Suppose 0 = -3*m + 4*q + 10, m = -3*q - 5 + 4. Let l = -240 + 105. What is the units digit of (m/6)/((-5)/l)?
9
Let f = 314 + -206. What is the hundreds digit of f?
1
Let d(m) = m + 13. Let t be d(-10). Suppose t*w = -w + 32. What is the units digit of w?
8
Suppose -a + 61 = 3*h, 0 = 5*h - 2*a - 2*a - 113. What is the tens digit of h?
2
Let o(c) = -c**2 - 12*c + 14. What is the units digit of o(-11)?
5
Let m(k) = 2*k - 5. Let g be m(4). Suppose -g*w + 8 = -4. What is the units digit of w?
4
Let w be 14/(-4)*(-12)/7. Suppose -55 = n - w*n. What is the tens digit of n?
1
Suppose 2*l - 48 = o, 0 = 2*l - 3*o - 10 - 34. Let n = -7 + l. What is the tens digit of n?
1
Let n be 9/2 + (-2)/4. Let c = 6 - n. Suppose 0 = -l + c. What is the units digit of l?
2
Let v(x) = -x**3 - 6*x**2 - 7*x. Let w be v(-5). Let r = 7 + w. What is the tens digit of r?
1
Let d be ((-18)/12)/((-1)/(-2)). What is the units digit of d/18 - (-183)/18?
0
Let j(m) = 2 + 1 - 9 - 7*m + 6*m. What is the units digit of j(-16)?
0
Suppose -139 - 287 = -6